visor of 416 and 70665192?
104
What is the greatest common factor of 161 and 16212723?
23
Calculate the greatest common factor of 25535254 and 1304.
326
What is the highest common factor of 15492 and 583377080?
5164
Calculate the greatest common factor of 7730685 and 315.
45
What is the highest common factor of 645 and 9090630?
645
Calculate the greatest common factor of 1409508 and 11627604.
3348
What is the greatest common divisor of 1421319 and 39440?
493
Calculate the highest common divisor of 72756 and 167223603.
6063
Calculate the highest common factor of 8856 and 4231938.
246
Calculate the greatest common divisor of 56895716 and 16.
4
What is the greatest common divisor of 9504 and 87910944?
1056
Calculate the greatest common divisor of 3865510 and 12980.
110
Calculate the highest common factor of 816 and 3824124.
12
Calculate the highest common factor of 17436 and 181596.
12
Calculate the highest common factor of 38357 and 3663.
11
What is the highest common divisor of 3270 and 2464460025?
1635
What is the highest common factor of 2366412 and 5832?
12
Calculate the greatest common divisor of 567084 and 14620.
172
What is the greatest common factor of 397213681 and 249?
83
Calculate the highest common divisor of 63640 and 5203000.
1720
Calculate the highest common factor of 867008 and 228.
76
Calculate the greatest common divisor of 7 and 41206312.
7
What is the greatest common divisor of 8476 and 1455896?
52
What is the highest common divisor of 17433 and 229752?
9
What is the greatest common factor of 22631 and 59464569?
3233
Calculate the highest common factor of 1878 and 263512822.
626
What is the highest common factor of 13 and 3740898941?
13
What is the greatest common divisor of 15768 and 17847?
27
Calculate the greatest common divisor of 18226 and 13283950.
1402
What is the highest common divisor of 497 and 384971159?
71
Calculate the greatest common factor of 1659396 and 96.
12
Calculate the highest common factor of 799296 and 25760.
736
What is the highest common factor of 342681 and 147084?
309
Calculate the highest common factor of 20230 and 13874.
14
Calculate the highest common divisor of 952122 and 15.
3
Calculate the greatest common divisor of 16363864 and 264.
88
Calculate the greatest common divisor of 776 and 50844296.
776
What is the highest common factor of 132209 and 2497?
11
Calculate the highest common divisor of 12 and 203730906.
6
What is the highest common divisor of 174080 and 1260?
20
What is the highest common factor of 11 and 17123486?
1
What is the greatest common factor of 3931737235 and 5?
5
Calculate the greatest common factor of 2968 and 2378474.
14
Calculate the highest common factor of 1721305 and 6175.
95
Calculate the greatest common factor of 210 and 3462480.
210
What is the greatest common factor of 1827777 and 1302?
21
What is the greatest common divisor of 44327 and 149?
1
Calculate the greatest common divisor of 705375 and 476235.
855
Calculate the highest common factor of 2053284 and 2317056.
5172
Calculate the highest common factor of 1356 and 753729888.
1356
What is the highest common factor of 11558699 and 739?
739
Calculate the highest common factor of 8560760 and 2360.
40
Calculate the greatest common divisor of 658 and 3312484.
14
Calculate the highest common divisor of 1385 and 40354745.
1385
Calculate the greatest common factor of 134439 and 78.
3
What is the greatest common divisor of 6231210 and 15?
15
What is the greatest common factor of 1222230 and 1872645?
1965
Calculate the highest common divisor of 604378 and 250.
2
What is the highest common factor of 19033 and 14546650?
2719
Calculate the greatest common factor of 40 and 83953640.
40
Calculate the highest common divisor of 123136 and 9456512.
1664
Calculate the greatest common divisor of 33988848 and 1173.
1173
What is the greatest common divisor of 201 and 266993861?
67
Calculate the greatest common factor of 150 and 3293830.
10
Calculate the greatest common divisor of 17043 and 6289608.
741
What is the greatest common factor of 1743 and 1338707?
83
Calculate the highest common factor of 448 and 19669328.
112
Calculate the highest common divisor of 20736 and 128667648.
768
Calculate the greatest common factor of 2248904 and 254408.
392
What is the highest common divisor of 32 and 475215136?
32
What is the greatest common divisor of 104071900 and 19480?
9740
Calculate the greatest common factor of 14476980 and 42.
42
Calculate the highest common factor of 500871425 and 850.
425
Calculate the highest common divisor of 7962550 and 5.
5
Calculate the greatest common divisor of 54 and 166254552.
54
What is the highest common divisor of 23240 and 4599480?
40
What is the highest common factor of 13832 and 530936?
1064
Calculate the greatest common factor of 4041806 and 53268.
386
Calculate the greatest common divisor of 7579998 and 90.
18
What is the greatest common divisor of 74763 and 123201?
1053
Calculate the highest common factor of 1356 and 120345452.
452
Calculate the greatest common factor of 534060 and 98118.
1242
What is the greatest common factor of 91 and 1110772?
13
Calculate the highest common factor of 1067 and 11769956.
11
Calculate the greatest common factor of 1971 and 36114195.
219
Calculate the highest common factor of 2907 and 2352681.
153
What is the highest common factor of 105 and 606840?
15
Calculate the greatest common divisor of 3250 and 312845.
65
Calculate the greatest common factor of 15070102 and 2154.
718
Calculate the highest common divisor of 34176 and 319156848.
4272
Calculate the highest common factor of 32512 and 436792.
8
What is the highest common factor of 2188 and 851132?
2188
Calculate the greatest common factor of 483640 and 6102.
226
What is the highest common factor of 63 and 186095781?
9
What is the greatest common divisor of 26128 and 189447596?
6532
What is the greatest common divisor of 2172501 and 13527?
81
Calculate the highest common factor of 741 and 57010941.
39
What is the highest common factor of 373005 and 18585?
45
Calculate the greatest common divisor of 251931694 and 7358.
566
Calculate the highest common factor of 7305825 and 29.
29
What is the highest common factor of 28777362 and 95418?
3534
What is the greatest common factor of 5833488 and 8?
8
Calculate the highest common divisor of 359061048 and 162.
18
What is the highest common divisor of 1801443240 and 1080?
1080
Calculate the highest common divisor of 153 and 14604741.
9
Calculate the highest common factor of 65 and 32360510.
65
Calculate the highest common factor of 297928 and 4257832.
1336
What is the greatest common divisor of 8 and 8338628?
4
What is the highest common factor of 6741949 and 2428?
607
Calculate the highest common divisor of 862984 and 24.
8
What is the greatest common factor of 583928 and 4888?
376
Calculate the greatest common factor of 36210 and 2130.
2130
Calculate the greatest common factor of 1904946 and 54.
6
What is the highest common factor of 4575317 and 6423?
2141
Calculate the greatest common factor of 75887201 and 34.
17
Calculate the highest common factor of 13930 and 17720.
10
What is the highest common divisor of 25539030 and 4455?
1485
What is the highest common factor of 35494380 and 205344?
1116
What is the greatest common factor of 258216922 and 118?
118
Calculate the highest common factor of 606660 and 4980.
60
What is the greatest common factor of 372 and 209556528?
372
Calculate the greatest common divisor of 37 and 2906846392.
37
Calculate the highest common factor of 78271823 and 1582.
791
Calculate the greatest common divisor of 4634080 and 61996.
44
Calculate the highest common factor of 74886650 and 10492.
5246
What is the greatest common divisor of 6891143 and 15248?
953
What is the greatest common factor of 73214291 and 68?
17
Calculate the highest common divisor of 85 and 2472633.
17
What is the highest common factor of 124402656 and 84?
84
Calculate the greatest common divisor of 13824 and 27603.
9
Calculate the greatest common factor of 2700 and 138425.
25
What is the greatest common divisor of 43659 and 19139571?
891
What is the highest common factor of 1080 and 219132?
108
Calculate the greatest common divisor of 135750572 and 1132.
1132
What is the gre